{"id":139,"date":"2021-12-03T22:00:00","date_gmt":"2021-12-03T21:00:00","guid":{"rendered":"https:\/\/www.hih-albachten.de\/?page_id=139"},"modified":"2025-12-24T06:29:04","modified_gmt":"2025-12-24T05:29:04","slug":"gewinnzahlen","status":"publish","type":"page","link":"https:\/\/www.hih-albachten.de\/?page_id=139","title":{"rendered":"Gewinnzahlen 2025"},"content":{"rendered":"\n<p>Hier werden ab dem 01. Dezember 2025 die Gewinnzahlen und die dazugeh\u00f6rigen Gewinne stehen. Sie haben gewonnen, wenn Ihre Gewinnnummer, die vorne auf dem Kalender aufgedruckt ist, gezogen wurde.<\/p>\n\n\n<p><strong>Und so bekommen Sie Ihren Gewinn<\/strong><\/p>\n<p>Sie k\u00f6nnen Ihren Gewinn am 7.12., 14.12, 21.12.2025, 4.01., 11.01. und 18.01.2026 in der Zeit von 10-11:30 Uhr in der K\u00d6B (Katholische \u00f6ffentliche B\u00fccherei) St. Ludgerus, D\u00fclmener Stra\u00dfe 15, abholen.<\/p>\n\n\n<figure class=\"wp-block-table\"><table class=\"has-fixed-layout\"><tbody><tr><td>24.12.<\/td><td>273<\/td><td>1 Warengutschein Fa\u00dfsauna \u00fcber 2 Tage<\/td><td>Familie Thomas Billermann<\/td><\/tr><tr><td>&nbsp;<\/td><td>82<\/td><td>1 Hei\u00dfluft-Fritteuse<\/td><td>Witte Technology GmbH<\/td><\/tr><tr><td>&nbsp;<\/td><td>469<\/td><td>100,00 \u20ac Wertgutschein GOP<\/td><td>SH Elektrotechnik St. Holtmann<\/td><\/tr><tr><td>&nbsp;<\/td><td>408<\/td><td>Gutschein \u00fcber einen Kochkurs f\u00fcr 4 Personen<\/td><td>Michel, Uwe<\/td><\/tr><tr><td>&nbsp;<\/td><td>35<\/td><td>50,00 \u20ac Wertgutschein Hotel und Restaurant Brintrup<\/td><td>Schornsteinfegermeister Nilo Gonzales Couto<\/td><\/tr><tr><td>&nbsp;<\/td><td>177<\/td><td>Calligraphy Cut Silver Wert 89,00 \u20ac<\/td><td>CABELO-Junge K\u00f6pfe GmbH<\/td><\/tr><tr><td>&nbsp;<\/td><td>196<\/td><td>50,00 \u20ac Warengutschein Restaurant Pipavino<\/td><td>Restaurant Pipavino<\/td><\/tr><tr><td>&nbsp;<\/td><td>218<\/td><td>500,00 \u20ac Warengutschein<\/td><td>Zweirad H\u00f6lscher<\/td><\/tr><\/tbody><\/table><\/figure>\n\n\n\n<p><\/p>\n\n\n\n<figure class=\"wp-block-table\"><table class=\"has-fixed-layout\"><tbody><tr><td>23.12.<\/td><td>89<\/td><td>Fr\u00fchst\u00fcck f\u00fcr 2 Personen<\/td><td>B\u00e4cker H. Krimphove GmbH<\/td><\/tr><tr><td>&nbsp;<\/td><td>374<\/td><td>20,00 \u20ac Warengutschein Hofladen Averweg<\/td><td>Familie Averweg<\/td><\/tr><tr><td>&nbsp;<\/td><td>544<\/td><td>1 Bluetooth-Box<\/td><td>Detomic DJ &amp; Event<\/td><\/tr><tr><td>&nbsp;<\/td><td>675<\/td><td>50,00 \u20ac Wertgutschein Drogerie Jentschura<\/td><td>Provinzial Versicherung J. Ostermann<\/td><\/tr><tr><td>&nbsp;<\/td><td>465<\/td><td>100,00 \u20ac Wertgutschein SC Preu\u00dfen M\u00fcnster<\/td><td>Sch\u00fctzenbruderschaft St. Hubertus Albachten e.V.<\/td><\/tr><\/tbody><\/table><\/figure>\n\n\n\n<p><\/p>\n\n\n\n<figure class=\"wp-block-table\"><table class=\"has-fixed-layout\"><tbody><tr><td>22.12.<\/td><td>166<\/td><td>100,00 \u20ac Wertgutschein Ley\u00b4s Megastore M\u00fcnster<\/td><td>Gro\u00dfe-Lutermann GmbH &#8211; Steuerberatungsgesellschaft<\/td><\/tr><\/tbody><\/table><\/figure>\n\n\n\n<p><\/p>\n\n\n\n<figure class=\"wp-block-table\"><table class=\"has-fixed-layout\"><tbody><tr><td>21.12.<\/td><td>222<\/td><td>1 City for Two Gutscheinheft<\/td><td>Familie Rettig<\/td><\/tr><tr><td>&nbsp;<\/td><td>125<\/td><td>30,00 \u20ac Warengutschein Zum Ausspann Hotel und Restaurant<\/td><td>Zum Ausspann Hotel und Restaurant<\/td><\/tr><tr><td><\/td><td>17<\/td><td>25,00 \u20ac Warengutschein<\/td><td>Wildermanns Hofladen<\/td><\/tr><tr><td>&nbsp;<\/td><td>49<\/td><td>Warengutschein f\u00fcr 2 Kr\u00e4utermischungen<\/td><td>Angelina Wendt<\/td><\/tr><tr><td>&nbsp;<\/td><td>3<\/td><td>Fr\u00fchst\u00fcck f\u00fcr 2 Personen<\/td><td>B\u00e4cker H. Krimphove GmbH<\/td><\/tr><\/tbody><\/table><\/figure>\n\n\n\n<p><\/p>\n\n\n\n<figure class=\"wp-block-table\"><table class=\"has-fixed-layout\"><tbody><tr><td>20.12.<\/td><td>404<\/td><td>1 Minitor<\/td><td>Sch\u00e4per Sportger\u00e4tebau GmbH<\/td><\/tr><tr><td>&nbsp;<\/td><td>471<\/td><td>50,00 \u20ac Wertgutschein Gartencenter Schrieverhoff<\/td><td>T. Schulik Elektrotechnik GmbH<\/td><\/tr><tr><td>&nbsp;<\/td><td>451<\/td><td>25,00 \u20ac Wertgutschein Drogerie Jentschura<\/td><td>Dr. med. Marc Domes Allgemeinmediziner<\/td><\/tr><\/tbody><\/table><\/figure>\n\n\n\n<p><\/p>\n\n\n\n<figure class=\"wp-block-table\"><table class=\"has-fixed-layout\"><tbody><tr><td>19.12.<\/td><td>495<\/td><td>Sprachunterricht 45 Min. oder 25,00 \u20ac in bar<\/td><td>Sprach Studio M\u00fcnster K. Wissmann<\/td><\/tr><tr><td>&nbsp;<\/td><td>195<\/td><td>1 elektrische Zahnb\u00fcrste<\/td><td>Dr. med. dent. S. Bo\u00dfler &amp; Dr. med. dent. K. Beckmann Zahn\u00e4rzte<\/td><\/tr><tr><td>&nbsp;<\/td><td>153<\/td><td>50,00 \u20ac Wertgutschein Restaurant Lauschig<\/td><td>LVM M. Pieper<\/td><\/tr><tr><td><\/td><td>584<\/td><td>1 Faltschloss Marke Squire<\/td><td>Fahrrad Look<\/td><\/tr><tr><td>&nbsp;<\/td><td>221<\/td><td>20,00 \u20ac Warengutschein<\/td><td>Albachtener Grillstube<\/td><\/tr><\/tbody><\/table><\/figure>\n\n\n\n<p><\/p>\n\n\n\n<figure class=\"wp-block-table\"><table class=\"has-fixed-layout\"><tbody><tr><td>18.12.<\/td><td>414<\/td><td>50,00 \u20ac Wertgutschein Media Markt<\/td><td>Pflegelokal GmbH<\/td><\/tr><tr><td>&nbsp;<\/td><td>51<\/td><td>50,00 \u20ac Warengutschein Wagyu-Fleisch Hof Holtmann<\/td><td>Wagyu M\u00fcnsterland Hof Holtmann<\/td><\/tr><tr><td>&nbsp;<\/td><td>5<\/td><td>30,00 \u20ac Warengutschein Zum Ausspann Hotel und Restaurant<\/td><td>Zum Ausspann Hotel und Restaurant<\/td><\/tr><tr><td>&nbsp;<\/td><td>388<\/td><td>P. Jentschura Produkte Wert 50,00 \u20ac<\/td><td>Drogerie Jentschura<\/td><\/tr><\/tbody><\/table><\/figure>\n\n\n\n<p><\/p>\n\n\n\n<figure class=\"wp-block-table\"><table class=\"has-fixed-layout\"><tbody><tr><td>17.12.<\/td><td>652<\/td><td>2 VIP-Karten SC Preu\u00dfen M\u00fcnster<\/td><td>VMI Vermittlung M\u00fcnster Immobilien<\/td><\/tr><tr><td>&nbsp;<\/td><td>327<\/td><td>20,00 \u20ac Warengutschein<\/td><td>GUT-Getr\u00e4nke Guido Bergmann<\/td><\/tr><tr><td>&nbsp;<\/td><td>353<\/td><td>50,00 \u20ac Wertgutschein Westfalen Tankstelle<\/td><td>Sven Frerichs<\/td><\/tr><tr><td>&nbsp;<\/td><td>588<\/td><td>2 Freikarten Bauernolympiade AGRAVIS-CUP<\/td><td>Reiterverein Albachten<\/td><\/tr><tr><td>&nbsp;<\/td><td>533<\/td><td>P. Jentschura Produkte Wert 50,00 \u20ac<\/td><td>Drogerie Jentschura<\/td><\/tr><\/tbody><\/table><\/figure>\n\n\n\n<p><\/p>\n\n\n\n<figure class=\"wp-block-table\"><table class=\"has-fixed-layout\"><tbody><tr><td>16.12.<\/td><td>68<\/td><td>50,00 \u20ac Wertgutschein Hotel und Restaurant Brintrup<\/td><td>Schornsteinfegermeister Nilo Gonzales Couto<\/td><\/tr><tr><td>&nbsp;<\/td><td>420<\/td><td>50,00 \u20ac Wertgutschein Sport Uno<\/td><td>SV Concordia Albachten &#8211; Jugendabteilung<\/td><\/tr><tr><td>&nbsp;<\/td><td>34<\/td><td>Fr\u00fchst\u00fcck f\u00fcr 2 Personen<\/td><td>B\u00e4cker H. Krimphove GmbH<\/td><\/tr><tr><td>&nbsp;<\/td><td>63<\/td><td>25,00 \u20ac Warengutschein<\/td><td>Wildermanns Hofladen<\/td><\/tr><tr><td>&nbsp;<\/td><td>295<\/td><td>50,00 \u20ac Wertgutschein Restaurant Miran<\/td><td>Dennis Nahrmann Immobilien<\/td><\/tr><\/tbody><\/table><\/figure>\n\n\n\n<p><\/p>\n\n\n\n<figure class=\"wp-block-table\"><table class=\"has-fixed-layout\"><tbody><tr><td>15.12.<\/td><td>670<\/td><td>Gutschein \u00fcber 1 \u00dcbernachtung f\u00fcr 2 Personen<\/td><td>Hotel Haus vom Guten Hirten<\/td><\/tr><tr><td>&nbsp;<\/td><td>493<\/td><td>20,00 \u20ac Warengutschein Hofladen Averweg<\/td><td>Familie Averweg<\/td><\/tr><tr><td>&nbsp;<\/td><td>16<\/td><td>1 Mikrowelle<\/td><td>mankara MEINE K\u00fcche GmbH &amp; Co.KG<\/td><\/tr><tr><td>&nbsp;<\/td><td>278<\/td><td>15,00 \u20ac Warengutschein<\/td><td>B\u00e4ren-Apotheke Albachten<\/td><\/tr><tr><td>&nbsp;<\/td><td>25<\/td><td>Calligraphy Cut Silver Wert 89,00 \u20ac<\/td><td>CABELO-Junge K\u00f6pfe GmbH<\/td><\/tr><tr><td>&nbsp;<\/td><td>185<\/td><td>30,00 \u20ac Wertgutschein MUKK<\/td><td>Praxis f\u00fcr Logop\u00e4die I. Koop<\/td><\/tr><\/tbody><\/table><\/figure>\n\n\n\n<p><\/p>\n\n\n\n<figure class=\"wp-block-table\"><table class=\"has-fixed-layout\"><tbody><tr><td>14.12.<\/td><td>483<\/td><td>1 Weinpaket<\/td><td>Jacques Wein-Depot MS-Altenroxel<\/td><\/tr><tr><td>&nbsp;<\/td><td>18<\/td><td>50,00 \u20ac Wertgutschein Zum Ausspann Hotel und Restaurant<\/td><td>kitchen art byNosthoff-Horstmann oHG<\/td><\/tr><tr><td>&nbsp;<\/td><td>97<\/td><td>50,00 \u20ac Wertgutschein Hof Grothues-Potthoff<\/td><td>TBW Nutzfahrzeuge GmbH<\/td><\/tr><tr><td>&nbsp;<\/td><td>182<\/td><td>3 Heimrauchmelder<\/td><td>Freiwillige Feuerwehr Albachten<\/td><\/tr><tr><td>&nbsp;<\/td><td>213<\/td><td>50,00 \u20ac Wertgutschein Wagyu-Fleisch Hof Holtmann<\/td><td>Bestattungen Winkelsett<\/td><\/tr><tr><td>&nbsp;<\/td><td>560<\/td><td>1 City for Two Gutscheinheft<\/td><td>Sch\u00fctzenverein St. Gisela<\/td><\/tr><\/tbody><\/table><\/figure>\n\n\n\n<p><\/p>\n\n\n\n<figure class=\"wp-block-table\"><table class=\"has-fixed-layout\"><tbody><tr><td>13.12.<\/td><td>450<\/td><td>25,00 \u20ac Wertgutschein Zum Ausspann Hotel und Restaurant<\/td><td>Dr. med. Marc Domes Allgemeinmediziner<\/td><\/tr><tr><td>&nbsp;<\/td><td>441<\/td><td>50,00 \u20ac Wertgutschein G\u00e4rtnerei Orschel<\/td><td>Rohrreinigung Blume<\/td><\/tr><tr><td>&nbsp;<\/td><td>209<\/td><td>50,00 \u20ac Wertgutschein Amazon<\/td><td>F+F Hilbers-Bau und Handelsges. mbh &amp; Co.KG<\/td><\/tr><tr><td>&nbsp;<\/td><td>431<\/td><td>20,00 \u20ac Warengutschein<\/td><td>Brunnen-Apotheke Albachten<\/td><\/tr><\/tbody><\/table><\/figure>\n\n\n\n<p><\/p>\n\n\n\n<figure class=\"wp-block-table\"><table class=\"has-fixed-layout\"><tbody><tr><td>12.12.<\/td><td>292<\/td><td>20,00 \u20ac Warengutschein<\/td><td>GUT-Getr\u00e4nke Guido Bergmann<\/td><\/tr><tr><td><\/td><td>607<\/td><td>30,00 \u20ac Warengutschein<\/td><td>Der Eisk\u00f6nig<\/td><\/tr><tr><td>&nbsp;<\/td><td>546<\/td><td>50,00 \u20ac Warengutschein Restaurant Pipavino<\/td><td>Restaurant Pipavino<\/td><\/tr><tr><td>&nbsp;<\/td><td>173<\/td><td>Warengutschein 1 Sch\u00fcttmeter Holz<\/td><td>Familie Gehltomholt<\/td><\/tr><\/tbody><\/table><\/figure>\n\n\n\n<p><\/p>\n\n\n\n<figure class=\"wp-block-table\"><table class=\"has-fixed-layout\"><tbody><tr><td>11.12.<\/td><td>330<\/td><td>50,00 \u20ac Wertgutschein Thalia<\/td><td>Bl\u00e4servereinigung Albachten 1921<\/td><\/tr><tr><td>&nbsp;<\/td><td>575<\/td><td>50,00 \u20ac Wertgutschein Restaurant Brintrup<\/td><td>Fliesen-, Platten- und Mosaiklegermeister R\u00f6lver<\/td><\/tr><\/tbody><\/table><\/figure>\n\n\n\n<p><\/p>\n\n\n\n<figure class=\"wp-block-table\"><table class=\"has-fixed-layout\"><tbody><tr><td>10.12.<\/td><td>564<\/td><td>50,00 \u20ac Wertgutschein Drogerie Jentschura<\/td><td>kitchen art by Nosthoff-Horstmann oHG<\/td><\/tr><tr><td>&nbsp;<\/td><td>650<\/td><td>Holzdeko Wert 50,00 \u20ac<\/td><td>Hegemann Forstbetrieb<\/td><\/tr><tr><td>&nbsp;<\/td><td>45<\/td><td>25,00 \u20ac Warengutschein<\/td><td>Wildermanns Hofladen<\/td><\/tr><tr><td>&nbsp;<\/td><td>134<\/td><td>25,00 \u20ac Wertgutschein Engelswiese<\/td><td>Wetterschutzh\u00fctte St. Huberts Sch\u00fctzenbruderschaft Albachten e.V.<\/td><\/tr><tr><td>&nbsp;<\/td><td>32<\/td><td>Sprachunterricht 45 Min. oder 25,00 \u20ac in bar<\/td><td>Sprach Studio M\u00fcnster K. Wissmann<\/td><\/tr><\/tbody><\/table><\/figure>\n\n\n\n<p><\/p>\n\n\n\n<figure class=\"wp-block-table\"><table class=\"has-fixed-layout\"><tbody><tr><td>9.12.<\/td><td>100<\/td><td>Gutschein Fr\u00fchst\u00fcck f\u00fcr 2 Personen<\/td><td>Hotel Haus vom guten Hirten<\/td><\/tr><tr><td>&nbsp;<\/td><td>325<\/td><td>1 Fotoshooting Wert 79,00 \u20ac<\/td><td>Drogerie Jentschura<\/td><\/tr><tr><td><\/td><td>488<\/td><td>1 Faltschloss Marke Squire<\/td><td>Fahrrad Look<\/td><\/tr><tr><td><\/td><td>640<\/td><td>25,00 \u20ac Warengutschein<\/td><td>Wildermanns Hofladen<\/td><\/tr><tr><td>&nbsp;<\/td><td>298<\/td><td>50,00 \u20ac Wertgutschein Restaurant Ackermann<\/td><td>Hengststation Holkenbrink<\/td><\/tr><tr><td>&nbsp;<\/td><td>537<\/td><td>20,00 \u20ac Warengutschein<\/td><td>GUT-Getr\u00e4nke Guido Bergmann<\/td><\/tr><\/tbody><\/table><\/figure>\n\n\n\n<p><\/p>\n\n\n\n<figure class=\"wp-block-table\"><table class=\"has-fixed-layout\"><tbody><tr><td>8.12.<\/td><td>20<\/td><td>25,00 \u20ac Wertgutschein Rossmann<\/td><td>Familie J\u00e4ckel<\/td><\/tr><tr><td><\/td><td>78<\/td><td>50,00 \u20ac Wertgutschein Media Markt<\/td><td>Pflegelokal GmbH<\/td><\/tr><tr><td><\/td><td>230<\/td><td>Fr\u00fchst\u00fcck f\u00fcr 2 Personen<\/td><td>B\u00e4cker H. Krimphove GmbH<\/td><\/tr><tr><td>&nbsp;<\/td><td>41<\/td><td>100,00 \u20ac Wertgutschein Eymann-Sauna<\/td><td>Kfz-Meisterbetrieb Auto Franz<\/td><\/tr><\/tbody><\/table><\/figure>\n\n\n\n<p><\/p>\n\n\n\n<figure class=\"wp-block-table\"><table class=\"has-fixed-layout\"><tbody><tr><td>7.12.<\/td><td>455<\/td><td>1 elektrische Zahnb\u00fcrste<\/td><td>Dr. med. dent. S. Bo\u00dfler &amp; Dr. med. dent. K. Beckmann Zahn\u00e4rzte<\/td><\/tr><tr><td>&nbsp;<\/td><td>7<\/td><td>50,00 \u20ac Warengutschein Edeka<\/td><td>Edeka Krause Albachten oHG<\/td><\/tr><tr><td>&nbsp;<\/td><td>275<\/td><td>65,00 \u20ac Warengutschein<\/td><td>Tortenmacher UG<\/td><\/tr><tr><td>&nbsp;<\/td><td>321<\/td><td>Warengutschein \u00fcber waschen \u2013 schneiden \u2013 stylen<\/td><td>B\u00f6sing Ihr Friseur Roxel<\/td><\/tr><\/tbody><\/table><\/figure>\n\n\n\n<p><\/p>\n\n\n\n<figure class=\"wp-block-table\"><table class=\"has-fixed-layout\"><tbody><tr><td>6.12.<\/td><td>118<\/td><td>1 Weidenkorb<\/td><td>Winkelhaus, Werner<\/td><\/tr><tr><td>&nbsp;<\/td><td>67<\/td><td>TRAUM-CHALETS (2 \u00dcN) f\u00fcr 4 Pers. atempause-sauerland.de<\/td><td>ATEMPAUSE Sauerland, ETG Foullois<\/td><\/tr><tr><td>&nbsp;<\/td><td>502<\/td><td>Gutschein \u00fcber eine klassische Fu\u00dfpflege + Manik\u00fcre<\/td><td>Miranda Hand- &amp; Fu\u00dfpflege<\/td><\/tr><tr><td><\/td><td>625<\/td><td>40,00 \u20ac Wertgutschein Hof Grothues-Potthoff<\/td><td>Familie Drees<\/td><\/tr><tr><td><\/td><td>557<\/td><td>50,00 \u20ac Wertgutschein Markant-Tankstelle<\/td><td>Sanit\u00e4r Mathias Opalka<\/td><\/tr><tr><td>&nbsp;<\/td><td>385<\/td><td>Warengutschein 10 Personen Backschinken<\/td><td>Partyservice Konermann<\/td><\/tr><\/tbody><\/table><\/figure>\n\n\n\n<p><\/p>\n\n\n\n<figure class=\"wp-block-table\"><table class=\"has-fixed-layout\"><tbody><tr><td>5.12.<\/td><td>518<\/td><td>1 Weihnachtsbaum zum Selberschlagen<\/td><td>Familie Rocklage<\/td><\/tr><tr><td>&nbsp;<\/td><td>417<\/td><td>50,00 \u20ac Wertgutschein Restaurant Lohmann \/ Irodion<\/td><td>AQUA-KO GmbH<\/td><\/tr><tr><td>&nbsp;<\/td><td>200<\/td><td>20,00 \u20ac Wertgutschein B\u00fccher Schwalbe<\/td><td>K\u00d6B St. Ludgerus<\/td><\/tr><tr><td>&nbsp;<\/td><td>428<\/td><td>50,00 \u20ac Wertgutschein Moro 112 Restaurante<\/td><td>Objekt und Wohnen H. Schepers<\/td><\/tr><tr><td>&nbsp;<\/td><td>62<\/td><td>50,00 \u20ac Wertgutschein Zum Ausspann Restaurant und Hotel<\/td><td>Hof Egger<\/td><\/tr><tr><td>&nbsp;<\/td><td>520<\/td><td>25,00 \u20ac Warengutschein<\/td><td>B\u00e4ren-Apotheke Albachten<\/td><\/tr><\/tbody><\/table><\/figure>\n\n\n\n<p><\/p>\n\n\n\n<figure class=\"wp-block-table\"><table class=\"has-fixed-layout\"><tbody><tr><td>4.12.<\/td><td>579<\/td><td>2 Freikarten Albachtener Kulturfreitag<\/td><td>Musik Kultur Albachten<\/td><\/tr><tr><td>&nbsp;<\/td><td>226<\/td><td>Calligraphy Cut Silver Wert 89,00 \u20ac<\/td><td>CABELO-Junge K\u00f6pfe GmbH<\/td><\/tr><tr><td>&nbsp;<\/td><td>37<\/td><td>50,00 \u20ac Wertgutschein Media Markt<\/td><td>T. Schulik Elektrotechnik GmbH<\/td><\/tr><tr><td>&nbsp;<\/td><td>674<\/td><td>50,00 \u20ac Warengutschein<\/td><td>Hinkerohe &amp; Groneick GmbH<\/td><\/tr><tr><td>&nbsp;<\/td><td>468<\/td><td>W\u00fcrth Universeller Werkzeugsatz 63 tlg.<\/td><td>Heuer &amp; L\u00f6bel GmbH<\/td><\/tr><tr><td>&nbsp;<\/td><td>240<\/td><td>50,00 \u20ac Wertgutschein Restaurant Miran<\/td><td>MGV 68 Albachten<\/td><\/tr><\/tbody><\/table><\/figure>\n\n\n\n<p><\/p>\n\n\n\n<figure class=\"wp-block-table\"><table class=\"has-fixed-layout\"><tbody><tr><td>3.12.<\/td><td>180<\/td><td>25,00 \u20ac Warengutschein<\/td><td>Wildermanns Hofladen<\/td><\/tr><tr><td>&nbsp;<\/td><td>170<\/td><td>Gutschein Fr\u00fchst\u00fcck f\u00fcr 2 Personen<\/td><td>Hotel Haus vom guten Hirten<\/td><\/tr><tr><td>&nbsp;<\/td><td>541<\/td><td>P. Jentschura Produkte Wert 50,00 \u20ac<\/td><td>Drogerie Jentschura<\/td><\/tr><tr><td><\/td><td>341<\/td><td>20,00 \u20ac Warengutschein<\/td><td>GUT-Getr\u00e4nke Guido Bergmann<\/td><\/tr><tr><td><\/td><td>79<\/td><td>50,00 \u20ac Wertgutschein Westfalen Tankstelle<\/td><td>Sven Frerichs<\/td><\/tr><tr><td>&nbsp;<\/td><td>302<\/td><td>30,00 \u20ac Wertgutschein Der Eisk\u00f6nig und 2 Theaterkarten<\/td><td>Plattdeutsche Spielgemeinschaft Albachten<\/td><\/tr><tr><td>&nbsp;<\/td><td>234<\/td><td>100,00 \u20ac Wunschgutschein<\/td><td>Seniorenbetreuung Strube<\/td><\/tr><\/tbody><\/table><\/figure>\n\n\n\n<p><\/p>\n\n\n\n<figure class=\"wp-block-table\"><table class=\"has-fixed-layout\"><tbody><tr><td>2.12.<\/td><td>577<\/td><td>30,00 \u20ac Warengutschein Zum Ausspann Hotel und Restaurant<\/td><td>Zum Ausspann Hotel und Restaurant<\/td><\/tr><tr><td>&nbsp;<\/td><td>415<\/td><td>50,00 \u20ac Wertgutschein Engelswiese<\/td><td>kitchen art by Nosthoff-Horstmann oHG<\/td><\/tr><tr><td>&nbsp;<\/td><td>507<\/td><td>50,00 \u20ac Wertgutschein Kortenbrede<\/td><td>Kleingr\u00e4ber GmbH Baggerarbeiten<\/td><\/tr><tr><td>&nbsp;<\/td><td>692<\/td><td>50,00 \u20ac M\u00fcnster-Gutschein<\/td><td>Malerfachbetrieb A. Dondrup<\/td><\/tr><tr><td>&nbsp;<\/td><td>351<\/td><td>50,00 \u20ac Wertgutschein Drogerie Jentschura<\/td><td>Rohrreinigung Blume<\/td><\/tr><\/tbody><\/table><\/figure>\n\n\n\n<p><\/p>\n\n\n\n<figure class=\"wp-block-table\"><table class=\"has-fixed-layout\"><tbody><tr><td>1.12.<\/td><td>519<\/td><td>Warengutschein 1 Tannenbaum bis 2m<\/td><td>Familie Georg Billermann<\/td><\/tr><tr><td>&nbsp;<\/td><td>237<\/td><td>Gutschein \u00fcber eine Osteopathie-Behandlung<\/td><td>Praxis Ludwig Terhorst<\/td><\/tr><tr><td>&nbsp;<\/td><td>264<\/td><td>20,00 \u20ac Wertgutschein B\u00fccher Schwalbe<\/td><td>K\u00d6B St. Ludgerus<\/td><\/tr><tr><td>&nbsp;<\/td><td>619<\/td><td>20,00 \u20ac Warengutschein<\/td><td>GUT-Getr\u00e4nke Guido Bergmann<\/td><\/tr><\/tbody><\/table><\/figure>\n","protected":false},"excerpt":{"rendered":"<p>Hier werden ab dem 01. Dezember 2025 die Gewinnzahlen und die dazugeh\u00f6rigen Gewinne stehen. Sie haben gewonnen, wenn Ihre Gewinnnummer, die vorne auf dem Kalender aufgedruckt ist, gezogen wurde. Und so bekommen Sie Ihren Gewinn Sie k\u00f6nnen Ihren Gewinn am 7.12., 14.12, 21.12.2025, 4.01., 11.01. und 18.01.2026 in der Zeit von 10-11:30 Uhr in der&hellip;<\/p>\n","protected":false},"author":1,"featured_media":0,"parent":0,"menu_order":0,"comment_status":"closed","ping_status":"closed","template":"","meta":{"footnotes":""},"class_list":["post-139","page","type-page","status-publish","hentry"],"_links":{"self":[{"href":"https:\/\/www.hih-albachten.de\/index.php?rest_route=\/wp\/v2\/pages\/139","targetHints":{"allow":["GET"]}}],"collection":[{"href":"https:\/\/www.hih-albachten.de\/index.php?rest_route=\/wp\/v2\/pages"}],"about":[{"href":"https:\/\/www.hih-albachten.de\/index.php?rest_route=\/wp\/v2\/types\/page"}],"author":[{"embeddable":true,"href":"https:\/\/www.hih-albachten.de\/index.php?rest_route=\/wp\/v2\/users\/1"}],"replies":[{"embeddable":true,"href":"https:\/\/www.hih-albachten.de\/index.php?rest_route=%2Fwp%2Fv2%2Fcomments&post=139"}],"version-history":[{"count":202,"href":"https:\/\/www.hih-albachten.de\/index.php?rest_route=\/wp\/v2\/pages\/139\/revisions"}],"predecessor-version":[{"id":784,"href":"https:\/\/www.hih-albachten.de\/index.php?rest_route=\/wp\/v2\/pages\/139\/revisions\/784"}],"wp:attachment":[{"href":"https:\/\/www.hih-albachten.de\/index.php?rest_route=%2Fwp%2Fv2%2Fmedia&parent=139"}],"curies":[{"name":"wp","href":"https:\/\/api.w.org\/{rel}","templated":true}]}}