{"id":131,"date":"2020-06-22T14:36:09","date_gmt":"2020-06-22T12:36:09","guid":{"rendered":"https:\/\/www.hih-albachten.de\/?page_id=131"},"modified":"2025-09-25T15:13:47","modified_gmt":"2025-09-25T13:13:47","slug":"sponsoren-2019","status":"publish","type":"page","link":"https:\/\/www.hih-albachten.de\/?page_id=131","title":{"rendered":"Sponsoren 2025"},"content":{"rendered":"\n<p>Albachtener Grillstube<br>Angelina Wendt Belgische Kr\u00e4uterfee<br>AQUA-KO GmbH<br>ATEMPAUSE Sauerland, ETG Foullois<br>B\u00e4cker H. Krimphove GmbH<br>B\u00e4ren-Apotheke Albachten<br>Bestattungen Winkelsett<br>Bl\u00e4servereinigung Albachten 1921<br>b\u00f6sing ihr friseur Roxel<br>Brunnen Apotheke Albachten<br>CABELO-Junge K\u00f6pfe GmbH<br>Cut by B &amp; Team<br>Dennis Nahrmann Immobilien<br>Der Eisk\u00f6nig<br>Detomic DJ &amp; Event<br>Dr. med. M. Domes, Allgemeinmediziner<br>Dr. med. dent. A. Voges, Zahnarzt<br>Dr. med. dent S.Bo\u00dfler &amp; Dr. med. dent. K. Beckmann, Zahn\u00e4rzte<br>Drogerie Jentschura<br>Edeka Krause Albachten oHG<br>Engelswiese<br>F+F Hilbers Bau und Handelsges. mbH &amp; Co KG<br>Fahrrad Look<br>Familie Averweg<br>Familie Drees<br>Familie Gehltomholt<br>Familie Georg Billermann<br>Familie J\u00e4ckel<br>Familie Rettig<br>Familie Rocklage<br>Familie Thomas Billermann<br>Fliesen-, Platten- und Mosaiklegermeister R\u00f6lver<br>Freiwillige Feuerwehr Albachten<br>Gro\u00dfe Lutermann GmbH Steuerberatungsgesellschaft<br>GUT-Getr\u00e4nke Guido Bergmann<br>Hegemann Forstbetrieb<br>Hengststation Holkenbrink<br>Heuer &amp; L\u00f6bel GmbH<br>Hinkerohe &amp; Groneick GmbH<br>Hof Egger<br>Hotel Haus zum Guten Hirten<br>Jacques&#8217;Wein-Depot MS-Altenroxel<br>Kfz-Meisterbetrieb Auto Franz<br>kitchen art by Nosthoff-Horstmann oHG<br>Kleingr\u00e4ber GmbH Baggerarbeiten<br>K\u00f6B St. Ludgerus<br>LVM M. Pieper<br>Malerfachbetrieb A. Dondrup<br>mankara MEINE K\u00dcCHE GmbH &amp; Co. KG<br>MGV 68 Albachten<br>Michel, Uwe<br>Miranda Hand &amp; Fu\u00dfpflege<br>Musik Kultur Albachten<br>Objekt und Wohnen H. Schepers<br>Partyservice Konermann<br>Pflegelokal GmbH<br>Plattdeutsche Spielgemeinschaft Albachten<br>Praxis f\u00fcr Logop\u00e4die I. Koop<br>Praxis Ludwig Terhorst<br>Provinzial Versicherung J. Ostermann<br>Reiterverein Albachten<br>Restaurant Pipavino<br>Rohrreinigung Blume<br>Sanit\u00e4r Mathias Opalka<br>Sch\u00e4per Sportger\u00e4tebau GmbH<br>Schornsteinfegermeister Nilo Gonzalez Couto<br>Sch\u00fctzenbruderschaft St. Hubertus Albachten e.V.<br>Sch\u00fctzenverein St. Gisela<br>Seniorenbetreuung Strube<br>SH Elektrotechnik Stefan Holtmann<br>Spielmannszug &#8222;Gut Schlag&#8220; Albachten 1929 e.V.<br>Sprach Studio M\u00fcnster K. Wissmann<br>SV Concordia Albachten Jugendabteilung<br>Sven Frerichs<br>T. Schulik Elektrotechnik<br>TBW Nutzfahrzeuge GmbH<br>Tortenmacher UG<br>VMI Vermittlung M\u00fcnster Immobilien<br>Wagyu M\u00fcnsterland Hof Holtmann<br>Wetterschutzh\u00fctte, St. Hubertus Sch\u00fctzenbruderschaft Albachten<br>Wildermann&#8217;s Hofladen<br>Winkelhaus, Werner<br>Witte Technology GmbH<br>Zum Ausspann, Hotel und Restaurant<br>Zweirad H\u00f6lscher<\/p>\n\n\n\n<p><\/p>\n","protected":false},"excerpt":{"rendered":"<p>Albachtener GrillstubeAngelina Wendt Belgische Kr\u00e4uterfeeAQUA-KO GmbHATEMPAUSE Sauerland, ETG FoulloisB\u00e4cker H. Krimphove GmbHB\u00e4ren-Apotheke AlbachtenBestattungen WinkelsettBl\u00e4servereinigung Albachten 1921b\u00f6sing ihr friseur RoxelBrunnen Apotheke AlbachtenCABELO-Junge K\u00f6pfe GmbHCut by B &amp; TeamDennis Nahrmann ImmobilienDer Eisk\u00f6nigDetomic DJ &amp; EventDr. med. M. Domes, AllgemeinmedizinerDr. med. dent. A. Voges, ZahnarztDr. med. dent S.Bo\u00dfler &amp; Dr. med. dent. K. Beckmann, Zahn\u00e4rzteDrogerie JentschuraEdeka Krause Albachten&hellip;<\/p>\n","protected":false},"author":1,"featured_media":0,"parent":0,"menu_order":0,"comment_status":"closed","ping_status":"closed","template":"","meta":{"footnotes":""},"class_list":["post-131","page","type-page","status-publish","hentry"],"_links":{"self":[{"href":"https:\/\/www.hih-albachten.de\/index.php?rest_route=\/wp\/v2\/pages\/131","targetHints":{"allow":["GET"]}}],"collection":[{"href":"https:\/\/www.hih-albachten.de\/index.php?rest_route=\/wp\/v2\/pages"}],"about":[{"href":"https:\/\/www.hih-albachten.de\/index.php?rest_route=\/wp\/v2\/types\/page"}],"author":[{"embeddable":true,"href":"https:\/\/www.hih-albachten.de\/index.php?rest_route=\/wp\/v2\/users\/1"}],"replies":[{"embeddable":true,"href":"https:\/\/www.hih-albachten.de\/index.php?rest_route=%2Fwp%2Fv2%2Fcomments&post=131"}],"version-history":[{"count":26,"href":"https:\/\/www.hih-albachten.de\/index.php?rest_route=\/wp\/v2\/pages\/131\/revisions"}],"predecessor-version":[{"id":726,"href":"https:\/\/www.hih-albachten.de\/index.php?rest_route=\/wp\/v2\/pages\/131\/revisions\/726"}],"wp:attachment":[{"href":"https:\/\/www.hih-albachten.de\/index.php?rest_route=%2Fwp%2Fv2%2Fmedia&parent=131"}],"curies":[{"name":"wp","href":"https:\/\/api.w.org\/{rel}","templated":true}]}}